lculate the greatest common factor of 56 and b.
28
Let x(d) = d**3 - 13*d**2 + 12*d + 3. Let y be x(12). Suppose -2*h - 36 = -y*h. Calculate the highest common divisor of h and 9.
9
Suppose b = -2*b. Suppose -y - 13 = 3*p, -3*p + b*p - 5 = 5*y. Suppose -y*s + 21 = 3*z - 21, -s - 21 = -2*z. What is the highest common divisor of z and 3?
3
Let b = -14 + 62. Calculate the highest common divisor of 32 and b.
16
Suppose 0 = -0*v - v + 12. Suppose -1501 + 76 = 5*f. Let z = -153 - f. Calculate the greatest common factor of z and v.
12
Let c(g) = 82*g**2 - g + 4. Let w be c(-6). Suppose -w = -4*h - 242. Suppose -3*u - h = -8*u. Calculate the highest common factor of 17 and u.
17
Let x be ((-9)/2)/(1/(-2)). Let a = -8 + 89. Calculate the greatest common factor of a and x.
9
Let t be (-305)/(-15) + (-3)/(7 + 2). Calculate the greatest common factor of t and 12.
4
Let y(p) = p - 3. Let x be y(6). Suppose -x*r - 6 = 6. Let t(g) = 4*g**2 + 7*g + 6. Let h be t(r). What is the highest common divisor of 28 and h?
14
Let t = -691 + 1051. Suppose 4*i - t = 444. Suppose 5*c + 26 - i = 0. Calculate the highest common divisor of c and 5.
5
Suppose 0*c + 12 = -3*c. Let w = -1 - -3. Let z be (1/(-2))/(w/c). What is the highest common divisor of 7 and z?
1
Let z be (-160)/(-25)*1*1*25. Calculate the greatest common factor of z and 64.
32
Let w be 2/(1/(-1)) + 7. Suppose g - 12 = -w. Let h(a) = a**3 - 8*a**2 + 7*a + 3. Let j be h(g). What is the highest common divisor of 9 and j?
3
Let s = 39 + -19. Calculate the highest common divisor of s and 80.
20
Suppose 2*n + 14 = 2*g + g, 4*g = -5*n - 12. Let a = n + 28. Let i(c) = c**2 + 5*c + 3. Let m be i(-5). Calculate the highest common divisor of a and m.
3
Let r be (-3)/(-6) + 2/4. Suppose 8 + r = 3*c. Suppose 31 = c*j - 5. What is the greatest common factor of 12 and j?
12
Let x be 24 + 4 + 2 + 1. Calculate the highest common divisor of 279 and x.
31
Let y(b) = -b**3 - 9*b**2 + 9. Let c be y(-8). Let l be c*(2 - (-24)/(-10)). Let o = 114 + -59. What is the highest common factor of l and o?
11
Let s = -13 + 23. Calculate the highest common divisor of 35 and s.
5
Let w = -30 - -54. Let x(b) = b**3 - 12*b**2 - 14*b + 12. Let l be x(13). Let h be 15/(((-3)/w)/l). What is the highest common divisor of 48 and h?
24
Suppose 4*j = 7*j - 114. What is the greatest common divisor of j and 95?
19
Let a(s) = -2*s + 25. Let z be a(7). What is the highest common divisor of z and 1?
1
Let i = 110 - 72. Calculate the highest common divisor of i and 57.
19
Let b(w) = 22*w - 1. Let n(i) = -i + 1. Suppose 3*c - 4 = c. Let r(h) = c*n(h) - b(h). Let t be r(-6). Calculate the greatest common factor of 21 and t.
21
Suppose 5*z + 19 = -2*x, -5*z = -4*x + 7*x + 16. Let w = z + 7. Let p be (2 + -3)*1*-1. Calculate the highest common divisor of p and w.
1
Let d(y) = -y**2 - 7*y - 6. Let u be d(-6). Let r be 4 + 4 - (u - 1). What is the greatest common divisor of r and 18?
9
Let a = 186 + -147. What is the greatest common divisor of 312 and a?
39
Let z = -5 + 14. Suppose 18 = 6*s - 0. Calculate the greatest common divisor of z and s.
3
Suppose 3*n = -4*c + 1, 0*n - 20 = -4*n + 4*c. Suppose 0 = 2*x + n*x + 600. Let f be (4/10)/((-4)/x). Calculate the greatest common divisor of f and 2.
2
Suppose -5*r = 4*g - 700, 5*r = 5*g - 787 - 43. What is the greatest common divisor of g and 68?
34
Let p be (-2 + 2)/(-1) - -8. Let b = -59 - -83. Suppose -2*j = -b - 0. Calculate the greatest common factor of p and j.
4
Suppose 5 = 5*b + 25. Let w be b/(-5)*(-945)/(-18). Calculate the highest common divisor of w and 28.
14
Let n = -67 - -94. Suppose 2*c - n = c. Let i = -10 + 28. What is the highest common factor of c and i?
9
Let r be (-1)/5 - 136/20. Let w(n) = -2*n - 1. Let p be w(r). Calculate the highest common divisor of 13 and p.
13
Let d(z) = z**2 + 13*z + 7. Let g be d(-13). What is the highest common factor of g and 35?
7
Let c(q) = -q**2 - 10*q - 8. Let b be c(-9). Let j be 2 + (b - -25 - 0). Calculate the highest common factor of 70 and j.
14
Suppose 2*t - 65 = -3*s, -5*t - 18 = -2*s - 0*t. Let q = -9 + s. Calculate the highest common divisor of q and 2.
2
Let f(m) = -3*m**3 - 7*m**2 + 10 - 2*m**2 + 4*m**3 - 2*m**3. Let z be f(-9). Calculate the highest common factor of 40 and z.
10
Let q = -23 - -33. Calculate the highest common factor of 130 and q.
10
Suppose 8 = 6*b - 82. Let s(d) = 10*d**3 + 4*d**2 - d - 4. Let n be s(3). Let u = n - 134. What is the highest common divisor of u and b?
15
Suppose i + 36 = 5*i. What is the highest common divisor of 63 and i?
9
Let p be 2/4 + (-6)/(-4). Let c be 2 - 0/(p + 1). What is the greatest common factor of 18 and c?
2
Let v(g) be the second derivative of -g**4/12 + g**2 + g. Let a be v(-3). Let u = a + 15. What is the highest common divisor of 4 and u?
4
Let d = -10 + 21. What is the highest common divisor of d and 55?
11
Suppose 2*g - 16 = 4*c - 4, -4*c - 6 = g. Let a be (-1 - g/2) + -3. Let s(z) = -z - 2. Let u be s(a). What is the highest common factor of u and 2?
1
Let s(t) = -t**3 + 9*t**2 - 10*t - 2. Let g be s(7). Let w = 53 - g. Let d = -9 + w. What is the highest common divisor of 54 and d?
18
Suppose -12*x = -x - 44. What is the highest common factor of 1 and x?
1
Suppose 4*s - 5*q - 36 = 0, -4*s + 1 = 2*q - 7. Suppose 0 = 2*r + s*u - 18, -4*r = 2*u - 3*u - 54. What is the greatest common divisor of 39 and r?
13
Suppose 0*m - 2*m = -2*j - 74, -5*j = m - 67. What is the highest common divisor of m and 14?
14
Let w be 0 - 1/(-4) - 94/(-8). Calculate the highest common divisor of w and 16.
4
Let k be 4 - 1/(4/(-8)). Let w be (-1)/(-2) - (-7)/(-2). Let b(s) = -2*s**3 - 5*s**2 - 2*s. Let u be b(w). What is the greatest common divisor of u and k?
3
Let i be -1 + (2 - 4) + 25. Let g = -276 - -342. Calculate the highest common divisor of i and g.
22
Suppose 4*c = j - 0*c - 40, 0 = 5*j - 3*c - 285. Calculate the highest common divisor of 40 and j.
20
Let o = 36 + -19. Let h(b) = 24*b - 94. Let q be h(11). Calculate the highest common divisor of q and o.
17
Suppose 0 = p - 4, -4*p + 343 - 63 = 3*m. What is the greatest common factor of 8 and m?
8
Suppose -p - 53 = -74. What is the greatest common factor of 56 and p?
7
Let q = 129 + -69. Suppose 2*w - 72 = -4*g, 15 = -4*g - 5*w + 75. Calculate the greatest common factor of q and g.
20
Suppose 0 = 2*z + 2*u - 6*u + 140, -z - 90 = 3*u. Let l = z - -53. Let c be (-65)/l - 4/(-10). Calculate the greatest common divisor of 18 and c.
3
Let r be 7/(-2)*(0 + -2). Suppose 3 = 4*p - 25. Calculate the greatest common factor of p and r.
7
Suppose -2*t = -0*t - 12. What is the greatest common divisor of t and 48?
6
Suppose -3*i + 99 + 156 = 0. Suppose 4*u = 123 + i. Let j be (3/(6/26))/1. Calculate the highest common divisor of j and u.
13
Suppose -5*a + 3780 = -a - 5*z, 3*z = 3*a - 2838. Suppose y + a = 6*y. Let c = 48 - 29. What is the highest common divisor of y and c?
19
Let y(h) = -h**3 + 3*h**2 + 7*h - 6. Let n be y(4). Suppose -22 = -d - 2*j + n, -5*d + j + 184 = 0. What is the highest common divisor of d and 12?
12
Suppose -3 = -0*k - 3*k. Let h(a) = 2*a**3 - a**2 + a - 1. Let s be h(k). Suppose s + 1 = f. What is the highest common divisor of 18 and f?
2
Suppose -10 = 2*x - 50. Let j = x - 8. Let l(o) = -3*o - 12. Let m be l(-8). Calculate the highest common divisor of m and j.
12
Suppose -5*h = 807 - 2112. Calculate the greatest common divisor of 29 and h.
29
Suppose 0 = -4*b + 12, 0*c - 4*c + 1833 = -5*b. Suppose 2*o = -o + c. Calculate the greatest common factor of 14 and o.
14
Let d = -607 - -883. Suppose -4*n + d = -0*n + 3*a, -2*a + 338 = 5*n. Calculate the highest common factor of 6 and n.
6
Suppose 0 = 3*g - 6. Suppose -5*h + g*p + 1 = 0, 9*p - 8 = 2*h + 4*p. Let s(c) = 7*c - 1. Let f be s(h). What is the highest common divisor of f and 12?
6
Let f = 18 - 8. Let x(r) = 2*r**3 - 4*r**2 + 3*r - 6. Let l be x(4). Calculate the greatest common factor of f and l.
10
Suppose 0 = 24*h - 19*h - 145. What is the greatest common divisor of h and 319?
29
Suppose 0 = 7*l - 12*l + 5. What is the highest common factor of 1 and l?
1
Suppose 0 = u + 13 - 8. Let i(j) = j**2 + 5*j + 12. Let o be i(u). Calculate the greatest common divisor of o and 132.
12
Let g = -34 + 